highest common divisor of h and n?
9
Suppose g - 56 = -3*g. Suppose 2*p = z - 3, 0 = -3*z - 5*p - 4 - 9. Let d be (z/(-2))/((-4)/(-16)). Calculate the greatest common divisor of d and g.
2
Suppose 0 = -2*l + 240 + 168. Calculate the greatest common divisor of l and 12.
12
Let q(b) = b**2 + 14*b + 4. Let v be q(-14). Calculate the greatest common factor of v and 10.
2
Let a(n) = -n - 6. Let v be a(-10). Suppose -c - 2*p + 72 = 0, -272 = -v*c - 0*c - 4*p. What is the highest common factor of 8 and c?
8
Let h be 0 + -2 + 0/2. Let g be h - (2 - -1)*-2. Suppose 2*m + 144 = g*m. Calculate the greatest common divisor of 8 and m.
8
Suppose 32 = 5*x - 3. Suppose -x = -h + 83. Suppose s - 4*n - 16 = 0, -3*s + 6*s - 123 = -3*n. Calculate the greatest common divisor of s and h.
18
Suppose 0 = 2*a - 5*p - 40, -3*a - p = 2*a - 100. Calculate the highest common factor of a and 4.
4
Let o(m) = m**3 - 8*m**2 - 10*m + 4. Let p be o(10). What is the highest common factor of p and 13?
13
Suppose 3*x - 4*m + m = -33, 3*m = -3. Let z be (-6)/24 + (-1431)/x. Calculate the greatest common divisor of 17 and z.
17
Let u be 11/5 - 4/20. Suppose -j - 4*j + 408 = 4*w, u*w = -3*j + 246. Let h = 1 + 11. What is the greatest common factor of j and h?
12
Let x = 38 - -2. Suppose 2*z = 3*o + 23, -2*o - 3*o - 33 = -3*z. Calculate the greatest common factor of x and z.
8
Let d = -2 + 1. Let i be -4*(27/6)/d. What is the greatest common divisor of 6 and i?
6
Suppose -c = -l + 1, c + 5 = 5*l + 4. Suppose -4*f - 4*t + 244 = l, f = t + 2*t + 41. Calculate the greatest common divisor of f and 14.
14
Suppose -3*j - 3*y + 44 = -61, 5*y + 125 = 5*j. Suppose 447 = 16*r - 2913. Calculate the highest common divisor of j and r.
30
Let n = 1 - -5. Calculate the highest common factor of 4 and n.
2
Suppose q - 4 = 2. What is the highest common divisor of q and 6?
6
Let j(x) = x**3 + 4*x**2 - 2*x - 4. Suppose 0 = 4*g + v + 15, 2*g + v = -3*v - 4. Let k be j(g). Calculate the highest common factor of 4 and k.
4
Suppose 3*b + 5*t = 1, 0 = 5*b + 3*t + 6 - 29. Suppose -7*z = -11*z + 84. What is the greatest common divisor of b and z?
7
Suppose 4*w = 137 + 87. What is the greatest common divisor of 14 and w?
14
Suppose 4*p - 39 = 45. What is the highest common divisor of p and 14?
7
Suppose 2*m - 6*w + 7*w - 9 = 0, -2*w = 5*m - 23. What is the highest common factor of m and 55?
5
Suppose -4*i - 10 + 70 = 0. Let o = -1 + 11. Calculate the highest common factor of i and o.
5
Let d(q) = 9*q**2 - q - 4. Let f be d(-3). Suppose y - 3*w - 12 = 0, 4*y + 19 - f = -w. What is the greatest common factor of 105 and y?
15
Let s be (-7)/7*(3 - 14/2). What is the highest common factor of s and 40?
4
Suppose 0 = -4*t + 7 + 13. Suppose 5*u + 2*w - 346 = 0, -t*u + u = 2*w - 276. Let q = u + -50. Calculate the greatest common divisor of q and 180.
20
Let c(j) = -6 - 3*j + 0*j - 4*j**2 + j**3 + 9*j. Let s = -1 + 6. Let y be c(s). What is the greatest common factor of y and 7?
7
Suppose 2*n + 5*v - 42 = 3*v, 0 = -5*n + 2*v + 84. Let f = 254 - 245. Calculate the highest common factor of f and n.
9
Let h = -1 - -49. What is the greatest common divisor of h and 6?
6
Suppose 47 = 5*t - 153. Calculate the greatest common factor of 8 and t.
8
Let f be (-5090)/(-40) - 2/8. Suppose f = i - 27. Calculate the greatest common factor of i and 14.
14
Let g = 71 + -31. Suppose 4*q - 21 = 3*z, -6 = q + 5*z - g. Let x be 1*(2 - 4) - -5. What is the highest common factor of x and q?
3
Suppose -4*o - 4*t + 54 = -42, 3*t + 144 = 5*o. What is the highest common divisor of 72 and o?
9
Suppose -4*p - 5*t = -29, -3*t = -2*p - 0*p + 9. Calculate the greatest common factor of p and 2.
2
Let z be ((-4)/(-8))/(1/10). What is the greatest common factor of 5 and z?
5
Let l(h) = -h**2 - 11*h + 14. Let v be l(-12). Calculate the greatest common factor of 14 and v.
2
Suppose 2*x - 3*h = -4, -4*x + 0*x = -2*h. Calculate the highest common factor of x and 8.
1
Let g(s) = -4*s - 20. Let c be g(-9). Suppose n - 5*n = -32. Calculate the greatest common divisor of c and n.
8
Suppose -8*u - 21 = -9*u. What is the highest common factor of u and 3?
3
Suppose 8 - 1 = 7*l. What is the highest common divisor of l and 1?
1
Let y be 2/6 + 207/27. Calculate the highest common divisor of y and 32.
8
Let i(c) = -89*c - 2. Let u be i(-1). Suppose -3*k = -u - 3. What is the greatest common factor of 10 and k?
10
Let x be -4 + 3/(6/4). Let y = 8 - x. What is the greatest common divisor of y and 90?
10
Suppose -3*b - 5 = -35. Suppose n + n - b = 0. Calculate the greatest common factor of 1 and n.
1
Suppose 4*t + 4*n = 200, -t + 3*n = -8 - 22. Calculate the greatest common divisor of 30 and t.
15
Let m(q) = -q + 7. Let r be m(5). Suppose -5*i - 1 = -21. Suppose 0 = 5*c + 4*b + 10, i*c - 6*c = -2*b - 14. Calculate the highest common factor of c and r.
2
Let l be ((-42)/35)/((-6)/400). What is the greatest common factor of l and 20?
20
Let q be (3 - -1)/4*-2. Suppose 3*x = 7*x + 68. Let w be 1*(4 + q - x). Calculate the highest common divisor of 38 and w.
19
Suppose z - 2*b = -z + 30, 110 = 5*z + 2*b. What is the highest common factor of z and 10?
10
Let b(y) = y**2 + y - 4. Let l = -11 + 8. Let v be b(l). Suppose -v*r + 3 = 1. What is the greatest common factor of 1 and r?
1
Let q be 9*(-4 - (44/(-6) - -2)). What is the greatest common factor of 144 and q?
12
Suppose 5*a - 55 = 15. What is the greatest common divisor of a and 28?
14
Suppose -4*m - 4*r + 121 = r, -m - 5*r + 49 = 0. What is the greatest common factor of 8 and m?
8
Suppose -3*j - 80 + 231 = 5*i, 0 = 3*i + j - 89. Calculate the highest common factor of 319 and i.
29
Suppose -5*z - 63 = -228. Let u be (z/9)/(2/102). What is the highest common divisor of 17 and u?
17
Let x(u) = -u**2 - u + 18. Let w be x(0). Let y(t) = -2*t**2 + 28*t + 1. Let m be y(13). What is the greatest common factor of m and w?
9
Let k(o) = -5*o + 32. Let w be k(-5). Calculate the greatest common factor of 285 and w.
57
Let i(w) = -w**3 + 7*w**2 + 8*w + 9. Let o be i(8). Suppose -4*s - 85 = 2*x - 233, -4*s = 4*x - 292. What is the highest common factor of o and x?
9
Let q be (0 + 3 - 12)/((-3)/33). What is the highest common factor of q and 9?
9
Let w be (-2 + 5)/((-6)/(-12)). What is the greatest common factor of 21 and w?
3
Let d(o) = -93*o + 3. Let z be d(-5). Suppose -j + z = 3*j. Let c = 21 - 8. What is the highest common divisor of c and j?
13
Let w = -1 + 2. What is the highest common factor of 7 and w?
1
Let x be (-585)/(-52) - 1/4. Calculate the highest common factor of x and 121.
11
Suppose 0 = -2*m + 6*m - 180. Suppose 3*a = -0*a + m. Calculate the highest common factor of a and 135.
15
Let v(f) = 39*f + 6. Let g be v(6). Calculate the highest common divisor of 48 and g.
48
Let b = -45 - -61. Let o be 127/4 - 2/(-8). Calculate the highest common factor of b and o.
16
Suppose -4 = 2*b + 2*v + v, -2*v = -5*b + 28. Suppose -q + 5 = 4*q + o, o = b*q - 4. Calculate the highest common factor of 2 and q.
1
Let y be 1165/55 - (-2)/(-11). Suppose -5*n - 2*q + 3*q = -28, 4 = 2*q. Let z = y - n. What is the highest common factor of z and 60?
15
Suppose -3*z = z - 36. Let a be z/4 - 2/8. Suppose a*s - 10 = s. What is the highest common factor of s and 10?
10
Let i(u) = u + 13. Let p = -2 + 2. Let n be i(p). What is the greatest common divisor of n and 104?
13
Let i(l) = l**3 + 8*l**2 - 10*l + 13. Let t be i(-9). Calculate the greatest common divisor of 55 and t.
11
Let g(f) = 2*f**2 + 14*f + 33. Let q be g(-4). Calculate the highest common divisor of q and 162.
9
Let x = -64 + 106. What is the greatest common divisor of 84 and x?
42
Suppose -31*w + 36*w = 60. Calculate the highest common factor of w and 12.
12
Let z(c) = c**2 - 3*c - 5. Let a be z(5). Suppose 2*l - 11 = x, 3*x - 13 = -l + a*x. Calculate the highest common factor of 21 and l.
3
Suppose z - 43 = -2*v + 11, -3*z = -v - 169. Calculate the highest common divisor of 7 and z.
7
Suppose x - 31 = 3*o - x, 3*x + 13 = -4*o. Let q(h) = -h**2 - 9*h - 9. Let g be q(o). Let b be 15/(0 - 3/(-4)). What is the greatest common factor of g and b?
5
Let p(u) = 2*u**2 - 15*u + 13. Let k be p(11). Suppose -a - c = -30, 2*a + a - k = -4*c. What is the greatest common divisor of a and 12?
6
Su